, 4171759
What are the prime factors of 7029790755?
3, 5, 13, 2773093
List the prime factors of 59744618.
2, 3853, 7753
What are the prime factors of 3720910510?
2, 5, 372091051
What are the prime factors of 46618975?
5, 13, 143443
What are the prime factors of 2862294474?
2, 3, 13, 36696083
What are the prime factors of 3647382686?
2, 31, 58828753
List the prime factors of 1907851413.
3, 13, 48919267
List the prime factors of 52645548.
2, 3, 983, 4463
List the prime factors of 7690293.
3, 13, 65729
What are the prime factors of 6478888979?
6478888979
What are the prime factors of 4839398383?
4839398383
What are the prime factors of 2269697487?
3, 756565829
List the prime factors of 920207576.
2, 115025947
List the prime factors of 1873353560.
2, 5, 13, 31, 251, 463
What are the prime factors of 304440701?
727, 418763
What are the prime factors of 1533910875?
3, 5, 7, 584347
What are the prime factors of 23022786?
2, 3, 3837131
List the prime factors of 1877498234.
2, 23, 1223, 1451
List the prime factors of 34203056.
2, 89, 24019
What are the prime factors of 3709297042?
2, 11, 168604411
What are the prime factors of 2027630357?
2027630357
List the prime factors of 2662683496.
2, 11, 31, 43, 22699
List the prime factors of 362804878.
2, 673, 269543
What are the prime factors of 6255370118?
2, 449, 6965891
What are the prime factors of 156456942?
2, 3, 37, 704761
What are the prime factors of 1942514843?
17, 337, 339067
What are the prime factors of 655141838?
2, 13, 25197763
List the prime factors of 5180992214.
2, 67, 38664121
List the prime factors of 3011140942.
2, 41, 283, 129757
What are the prime factors of 38814438?
2, 3, 13, 79, 6299
What are the prime factors of 1126055359?
11, 13, 7874513
What are the prime factors of 85713492?
2, 3, 7142791
What are the prime factors of 7072608386?
2, 37, 95575789
What are the prime factors of 259446759?
3, 11, 13, 283, 2137
List the prime factors of 3988069920.
2, 3, 5, 2769493
List the prime factors of 463797019.
7, 479, 138323
What are the prime factors of 23498395?
5, 4699679
What are the prime factors of 274806620?
2, 5, 11, 1249121
List the prime factors of 108674855.
5, 61, 356311
What are the prime factors of 119536938?
2, 3, 2213647
What are the prime factors of 1231771670?
2, 5, 23, 31, 172759
What are the prime factors of 395927707?
7, 127, 445363
What are the prime factors of 2536210852?
2, 7, 90578959
List the prime factors of 83118205.
5, 23, 29, 24923
What are the prime factors of 7871534994?
2, 3, 1311922499
What are the prime factors of 1473163786?
2, 61, 12075113
List the prime factors of 66670879.
11, 41, 89, 151
What are the prime factors of 134006910?
2, 3, 5, 79, 56543
List the prime factors of 2645251777.
7, 167, 2262833
What are the prime factors of 2424728753?
2424728753
What are the prime factors of 2593242?
2, 3, 48023
List the prime factors of 21829429.
1907, 11447
List the prime factors of 628581445.
5, 1291, 97379
What are the prime factors of 45029669?
197, 228577
What are the prime factors of 3429004788?
2, 3, 11, 17, 509359
What are the prime factors of 499776993?
3, 18510259
What are the prime factors of 396004747?
37, 131, 81701
What are the prime factors of 331887?
3, 110629
List the prime factors of 43154895.
3, 5, 7, 410999
What are the prime factors of 28107612?
2, 3, 13, 19, 29, 109
What are the prime factors of 321394653?
3, 59, 379, 1597
List the prime factors of 105668627.
103, 1025909
What are the prime factors of 893810257?
13841, 64577
List the prime factors of 494618904.
2, 3, 13, 317, 1667
What are the prime factors of 1887760?
2, 5, 7, 3371
What are the prime factors of 347711569?
347711569
What are the prime factors of 288278434?
2, 7949, 18133
List the prime factors of 831710030.
2, 5, 83171003
List the prime factors of 65016620.
2, 5, 3250831
What are the prime factors of 119567432?
2, 23, 157, 4139
What are the prime factors of 105917914?
2, 739, 71663
What are the prime factors of 22697867?
151, 191, 787
List the prime factors of 67419235.
5, 13, 151, 6869
List the prime factors of 270387334.
2, 7, 47, 163, 2521
What are the prime factors of 7309967?
7, 149183
List the prime factors of 5489937444.
2, 3, 19, 419, 57467
List the prime factors of 367971361.
367971361
List the prime factors of 65220687.
3, 7, 17, 53, 383
List the prime factors of 83346019.
17, 463, 10589
List the prime factors of 1236334780.
2, 5, 61816739
What are the prime factors of 3403604630?
2, 5, 23, 163, 90787
What are the prime factors of 16362001?
53, 73, 4229
What are the prime factors of 261685531?
29, 9023639
List the prime factors of 94915597.
7, 503, 3851
What are the prime factors of 68084478?
2, 3, 7, 11, 49123
List the prime factors of 37043231.
853, 43427
List the prime factors of 266880207.
3, 11, 193, 41903
What are the prime factors of 24233746?
2, 12116873
What are the prime factors of 3716663916?
2, 3, 7, 1019, 6203
What are the prime factors of 261590655?
3, 5, 17439377
What are the prime factors of 4204676?
2, 7, 23, 6529
List the prime factors of 99196075.
5, 11, 37, 9749
List the prime factors of 5399274557.
31, 1879, 92693
List the prime factors of 2882852448.
2, 3, 7, 4289959
What are the prime factors of 54062488?
2, 2377, 2843
List the prime factors of 1865215433.
3571, 522323
What are the prime factors of 2036413724?
2, 1237, 411563
List the prime factors of 3216491750.
2, 5, 12865967
What are the prime factors of 23877837?
3, 139, 19087
List the prime factors of 326299595.
5, 743, 87833
What are the prime factors of 823298162?
2, 411649081
What are the prime factors of 767531633?
11, 69775603
What are the prime factors of 6314415688?
2, 7, 29, 191, 20357
List the prime factors of 168703253.
67, 2517959
What are the prime factors of 1816850806?
2, 89, 941, 10847
What are the prime factors of 1061910294?
2, 3, 733, 241453
List the prime factors of 269683095.
3, 5, 11, 1634443
List the prime factors of 7697422529.
1367, 5630887
List the prime factors of 65705748.
2, 3, 17, 137, 2351
What are the prime factors of 26383489?
11, 2398499
List the prime factors of 138709755.
3, 5, 29, 106291
What are the prime factors of 14511647?
727, 19961
What are the prime factors of 457164381?
3, 29, 5254763
List the prime factors of 1264930983.
3, 140547887
List the prime factors of 56646613.
61, 73, 12721
What are the prime factors of 163186109?
41, 1033, 3853
List the prime factors of 7316421900.
2, 3, 5, 23, 1060351
List the prime factors of 2040664158.
2, 3, 13, 43, 67, 1009
List the prime factors of 6604807.
11, 53, 11329
List the prime factors of 2350068929.
13, 6481, 27893
What are the prime factors of 490570940?
2, 5, 24528547
List the prime factors of 608260710.
2, 3, 5, 89, 409, 557
List the prime factors of 99310751.
199, 383, 1303
List the prime factors of 3327200330.
2, 5, 332720033
List the prime factors of 739198095.
3, 5, 49279873
What are the prime factors of 29616767?
433, 68399
List the prime factors of 60743867.
5087, 11941
List the prime factors of 44801023.
61, 734443
What are the prime factors of 115534823?
199, 580577
What are the prime factors of 79668525?
3, 5, 47, 97, 233
What are the prime factors of 591880964?
2, 47, 3148303
List the prime factors of 26798493.
3, 19, 470149
List the prime factors of 18963843.
3, 19, 332699
List the prime factors of 121254135.
3, 5, 8083609
What are the prime factors of 134613739?
13, 796531
List the prime factors of 2593820599.
59, 43963061
List the prime factors of 28880933.
31, 41, 733
What are the prime factors of 79446081?
3, 11, 13, 185189
What are the prime factors of 9834375?
3, 5, 1049
List the prime factors of 1881864262.
2, 940932131
List the prime factors of 731908104.
2, 3, 883, 34537
What are the prime factors of 1093057625?
5, 11, 163, 4877
What are the prime factors of 452647253?
17, 409, 65101
List the prime factors of 828682009.
828682009
List the prime factors of 31356672.
2, 3, 40829
List the prime factors of 4136255007.
3, 29, 4637, 10253
List the prime factors of 1304632314.
2, 3, 72479573
What are the prime factors of 1194724350?
2, 3, 5, 884981
List the prime factors of 340006976.
2, 19, 23, 12157
List the prime factors of 1229351752.
2, 587, 261787
List the prime factors of 546